 Let f = x - a. What is the highest common divisor of f and 21?
21
Suppose -3*s - 5*y + 2941 = 0, -4*s - y = -s - 2921. Calculate the greatest common divisor of s and 12.
12
Suppose -1240 = 5*k - 2*h, 2*k - 2*h = -5*h - 477. Let b be 4/14 - k/21. What is the highest common factor of b and 84?
12
Let z be 5/15*-1*0. Let a(w) = -w**2 - 7*w + 125. Let y be a(z). What is the greatest common factor of 25 and y?
25
Let w = 100 + -89. Let s(q) = -q**2 + q + 11. Let m be s(0). Calculate the highest common factor of w and m.
11
Let j = -51 + 326. What is the greatest common divisor of j and 77?
11
Suppose -48 = -6*p + 3*p. Let z = p - 12. What is the greatest common divisor of 28 and z?
4
Let h be (0 - -5) + 0 + -1. Let d be (77/28)/((-2)/(-16)*21/42). What is the highest common divisor of d and h?
4
Suppose -3190 = -14*u + 4*u. Let g = 100 - 71. What is the highest common divisor of g and u?
29
Let w(z) = 6*z**2 + 36*z - 26. Let q be w(-8). Calculate the greatest common factor of q and 10.
10
Let c(j) = -2*j**3 + 5*j**2 + 12*j - 1. Let n be c(-6). Calculate the greatest common factor of 49 and n.
49
Let g(f) = 3*f**2 - 11*f + 17. Let a be g(6). Let k = 121 + a. Suppose -2*l + 4*i = -44, i - 3*i + 58 = 3*l. Calculate the highest common factor of l and k.
20
Suppose 21*t - 2791 = -901. Calculate the highest common factor of t and 36.
18
Let a(x) = x**2 + 5*x + 7. Let i be (2 - -2) + (0 - -2). Let n be 15/i*(-6 - -4). Let u be a(n). Calculate the highest common factor of u and 49.
7
Let p = -39 + 109. Calculate the greatest common divisor of p and 21.
7
Let l(h) = 43*h - 2. Let k be l(-5). Let z = k + 378. Calculate the greatest common divisor of 23 and z.
23
Let v(l) = 171*l**2 - 11*l - 33. Let k be v(-3). What is the greatest common factor of k and 81?
81
Suppose 1 + 111 = 7*b. What is the highest common factor of 80 and b?
16
Let a = -614 + 915. What is the highest common divisor of a and 7?
7
Suppose -46*m + 44*m + b = -558, 0 = 2*m - 4*b - 558. Calculate the greatest common divisor of 744 and m.
93
Let l(w) = 2*w**2 - 6*w - 17. Let f be l(5). What is the highest common divisor of 4 and f?
1
Let x(a) = 3*a + 150. Let m be x(-26). What is the greatest common divisor of m and 99?
9
Let y be (-620)/(-10) + (-4)/8*8. What is the highest common divisor of y and 4?
2
Let u = -438 - -444. Calculate the highest common factor of u and 114.
6
Let r(z) = z + 2. Let i be r(1). Let l(k) = 2*k + i - 10*k - k. Let w be l(-2). Calculate the greatest common factor of 3 and w.
3
Suppose -4*o + 239 = 2*f - 231, -4*o + 932 = 4*f. Suppose -6 + f = 5*y. Suppose -1062 = 53*l - 112*l. Calculate the greatest common divisor of y and l.
9
Let l(q) = -2*q - 5. Let t be l(-7). Suppose -25 = -t*p + 29. Calculate the greatest common factor of 24 and p.
6
Let b(g) = g**2 - 4*g - 2. Let x be b(-4). Let a be -4 + 49 + (-4 - -1). Let s = a - 27. Calculate the highest common divisor of s and x.
15
Suppose -138 = -27*h + 240. Calculate the highest common divisor of h and 301.
7
Suppose 3*w + 3*m - 99 = 0, 255 = 5*w + 4*m + 90. Let o = -19 + 31. Let y be (-33)/(-1)*8/o. What is the highest common factor of y and w?
11
Let n(k) = -359*k + 3. Let y be n(-1). Suppose -2*t + 6 = -0*t, 0 = 5*l + 4*t - y. What is the highest common divisor of 28 and l?
14
Let x be 193 + (-4)/((-28)/(-7)). Calculate the highest common factor of x and 24.
24
Let s(r) = -r**2 - 8*r + 12. Let q be s(-9). Suppose -q*d + 63 = -0*d. Let i = -13 + d. What is the greatest common divisor of 12 and i?
4
Let u(c) = -c**3 - 3*c**2 + 7*c - 40. Let h be u(-6). Calculate the highest common divisor of 2 and h.
2
Suppose -102*a = -105*a + 1470. What is the greatest common divisor of 28 and a?
14
Suppose -3*j - j + l = -518, 254 = 2*j - 3*l. Let c be 260/8*8/10. Calculate the greatest common divisor of c and j.
26
Suppose -3 = -4*o + 1. Suppose -2 = -z - o. Calculate the highest common divisor of z and 8.
1
Let n = -67 + 115. Let u = n - 30. What is the highest common factor of 6 and u?
6
Let f be (85/100*5)/(8/288). What is the greatest common divisor of f and 63?
9
Suppose -346*s = -340*s - 312. Calculate the highest common divisor of 28 and s.
4
Suppose 584*a - 608*a = -504. Calculate the greatest common factor of a and 336.
21
Let k(u) = 7*u**2 - 122*u - 48. Let b be k(18). Let g(f) = -48*f. Let a be g(-2). Calculate the greatest common divisor of b and a.
24
Let f = 39 + -35. Let u(t) = -t**3 + 6*t**2 - 6*t + 13. Let p be u(f). What is the highest common divisor of 105 and p?
21
Let p(w) = 78*w**2 + 30 + w - 15 + 13 - 79*w**2. Let b be p(-4). What is the highest common divisor of 44 and b?
4
Let k be (-2 - 35) + 1*(0 + -2). Let p be 104/k*(-33)/4. What is the highest common factor of 22 and p?
22
Let h be 2/1*((-2)/4)/1. Let w be (3 - 4/h) + 1. Calculate the greatest common divisor of w and 40.
8
Let k = 805 - 770. What is the highest common divisor of k and 7?
7
Suppose 0 = -4*m + 3*m + 2. Suppose 0 = m*w - 53 + 37. What is the greatest common factor of w and 4?
4
Let v be ((-66)/(-5))/(((-3)/(-10))/(-1)). Let c = v - -49. What is the highest common factor of 5 and c?
5
Suppose 0 = 11*f - 8*f - 66. Suppose f + 6 = 4*c. Suppose 0 = 12*g - c*g - 350. What is the greatest common factor of 10 and g?
10
Let h(a) = a**3 - 8*a**2 - 9*a + 3. Let b be h(9). Suppose -o - b*c = -22, -3*c + 0 = -3*o + 6. Calculate the greatest common divisor of o and 7.
7
Suppose -9*q + 11*q = 2. Suppose -2*o + 29 = -q. What is the greatest common divisor of o and 45?
15
Suppose 3*x + 153 = 6*x. Suppose -x*n + 35 = -46*n. What is the highest common divisor of n and 7?
7
Let q = -32 - 49. Let z = -79 - q. What is the greatest common factor of 1 and z?
1
Suppose 17*v - 43*v = -676. Let g(l) be the first derivative of 2*l**3/3 - l**2 + 5*l + 1. Let a be g(-5). Calculate the highest common divisor of a and v.
13
Suppose -3*i + 8*i = z + 26, 0 = -4*i - 2*z + 32. Let u be (-2 - i/(-9))*3. Let o be ((-10)/u)/(4/96). Calculate the highest common divisor of 40 and o.
20
Let f be 7 + 1088/8 - 11. Calculate the greatest common factor of f and 88.
44
Let o(a) = a**2 + 63*a + 108. Let b be o(0). Let i be (2 - 1)*(23 - -1). Suppose 0 = 5*z - 36 - i. What is the highest common divisor of z and b?
12
Let n(p) = p**2 + p + 3. Let k be n(-2). Let h be k - (2 - 1) - -2. Calculate the highest common factor of 4 and h.
2
Let b(a) = a**2 + 7*a - 6. Let q be b(-7). Let m be (-1 + (-3)/q)*48. Let r be ((-6)/(-8))/((-1)/m). Calculate the highest common divisor of 18 and r.
18
Suppose 5*a + 4 = 3*b, -4*b = -0 - 12. Let w = a - -14. Suppose 1440 = -2*z + 1590. What is the highest common factor of z and w?
15
Let y be 1 + 2*(-62)/(-4). Let s = -1049 + 1065. What is the highest common factor of y and s?
16
Let r be (104/(-24))/(3/(-9)). Let m = r + -12. Let k = 7 - 2. Calculate the greatest common divisor of k and m.
1
Suppose -5*v = w - 80 - 175, -102 = -2*v - 4*w. Suppose 5*a + 16 - v = 0. Let j = 193 + -137. Calculate the highest common factor of a and j.
7
Let l(c) = -3*c**3 + 4*c**2 - 2*c + 6. Let v be l(3). Let t be (-56)/(-3) + (-15)/v. Calculate the greatest common divisor of t and 171.
19
Let c be ((-10)/(-8))/(3/12). Suppose c*p = p + 32. Suppose 1 = -g + 2. What is the greatest common divisor of g and p?
1
Let n(q) = -100*q**3 + 3*q - 15*q - 12*q**2 + 99*q**3 + 24. Let k be n(-12). Calculate the greatest common factor of 21 and k.
21
Let y be (-50)/(-40) - 163/(-4). Calculate the greatest common factor of 4242 and y.
42
Let l = 2 + -2. Suppose -g + 63 = 3*p, g + 5*p - p = 61. Suppose l*t = -5*t - q + 303, -g = -t - 3*q. What is the highest common factor of t and 10?
10
Let a(y) = 1 + 11*y + 4 + 0*y - 7*y. Let i be a(5). Calculate the greatest common factor of i and 100.
25
Let u be 3*(-2)/(-12)*20. Suppose 7*a - 87 + 10 = 0. Let w = a - u. What is the greatest common divisor of w and 5?
1
Let j(a) = 3*a - 9. Let f(l) = 3*l - 9. Let s(d) = 3*f(d) - 2*j(d). Let n be s(7). Suppose 0 = 7*r - 49 + 7. What is the highest common factor of n and r?
6
Let w(h) = 30*h + 2. Let z be w(1). Calculate the greatest common divisor of z and 256.
32
Let d(c) = 8*c + c + 2 - 14*c**2 + 5*c - c**3 + 0*c**3. Let a be d(-15). Calculate the greatest common factor of a and 17.
17
Suppose 